what is 43e - 61fb?
-5dbd
In base 15, what is 1 - -7d8e731?
7d8e732
In base 8, what is -252455 + 66?
-252367
In base 5, what is 2133 - 41110?
-33422
In base 4, what is 133020200 - -101223?
133122023
In base 4, what is -13230330 - -30101?
-13200223
In base 2, what is 1000010010011110011001010 - -1100?
1000010010011110011010110
In base 11, what is -2 + 16909927?
16909925
In base 7, what is 2502156315 - 5?
2502156310
In base 3, what is -2 - 1221120000021?
-1221120000100
In base 9, what is 157513 - 1428?
156074
In base 14, what is -23 - -54a66?
54a43
In base 14, what is 251b6 - 185?
25031
In base 13, what is -576 - -6362?
5ab9
In base 15, what is 5 + -8d6459?
-8d6454
In base 9, what is -25773 + -7487?
-34371
In base 2, what is -1001000110100110100 + 10000111?
-1001000110010101101
In base 13, what is 746 + b8b50?
b9596
In base 6, what is -45 - -523124121?
523124032
In base 10, what is -1140 - 688864?
-690004
In base 15, what is 66 + 88267?
882cd
In base 5, what is 313 + -11333203011?
-11333202143
In base 9, what is 1000 - -22212?
23212
In base 15, what is 426 - -5826c?
58693
In base 7, what is 51 + 434366?
434450
In base 16, what is 13f53 + -e?
13f45
In base 6, what is 3 - 4304304?
-4304301
In base 10, what is 158 + -133985?
-133827
In base 7, what is -60530 - -2021?
-55506
In base 8, what is -2 + 26062073?
26062071
In base 13, what is 93cb - 2b?
93a0
In base 13, what is -44 - -405403?
40538c
In base 16, what is -1165e - 2e2?
-11940
In base 14, what is -7 + b526a?
b5263
In base 6, what is -12242511 + -2?
-12242513
In base 10, what is 22204 - 478?
21726
In base 13, what is 3547c1c6 + 4?
3547c1ca
In base 6, what is -24250 + -10235143?
-10303433
In base 5, what is -1044212344311 + -3?
-1044212344314
In base 10, what is -5746 - -115227?
109481
In base 2, what is 101100110011000100111100 - -1?
101100110011000100111101
In base 13, what is -3c72c + a7?
-3c655
In base 3, what is 2110201 + 10010122?
12121100
In base 16, what is -3f50064 + 1?
-3f50063
In base 5, what is 10 - -320310014?
320310024
In base 11, what is -3 - 738722?
-738725
In base 5, what is 4 + -24122212413?
-24122212404
In base 14, what is -1812d6 + 21?
-1812b5
In base 11, what is 3644 + 16756?
1a29a
In base 4, what is 211211 + -201133022?
-200321211
In base 14, what is -12829 - -a48?
-11bc1
In base 5, what is -1 + 404411220?
404411214
In base 15, what is -29a5 - -7c4a?
5295
In base 2, what is -11 + 1110101100110110000101010?
1110101100110110000100111
In base 14, what is 2c + 13b5d1?
13b61d
In base 2, what is 11010001001 - 10001001101011?
-1101111100010
In base 10, what is 77 + 518586?
518663
In base 12, what is -4 - 3a765458?
-3a765460
In base 8, what is 270435677 + -4?
270435673
In base 8, what is -1206120402 - 7?
-1206120411
In base 10, what is 2 + -430652?
-430650
In base 12, what is -4 + -4203b2?
-4203b6
In base 11, what is -16 - 321065?
-321080
In base 8, what is -2263257370 + 5?
-2263257363
In base 9, what is -2403 - -755?
-1537
In base 8, what is -1055707561 + 2?
-1055707557
In base 7, what is 322551552 - 32?
322551520
In base 12, what is 1825b482 + -a?
1825b474
In base 4, what is 2032 - -123303102?
123311200
In base 11, what is 1065 + -39196?
-38131
In base 7, what is -326351 + -23165?
-352546
In base 5, what is 4332433232 - 3?
4332433224
In base 3, what is -111001 - 21000112?
-21111120
In base 9, what is -488625 + 11?
-488614
In base 14, what is -3 - 2ccd8556?
-2ccd8559
In base 4, what is -2032321 + 22321?
-2010000
In base 13, what is -247b0 - -184?
-24629
In base 10, what is -59239531 - -12?
-59239519
In base 12, what is -193869 + -210?
-193a79
In base 2, what is -11100111001 - -10010111011000010?
10010011110001001
In base 12, what is 574418 + -6a?
57436a
In base 4, what is -111021 + -111321102?
-112032123
In base 9, what is 23286 - -345?
23642
In base 14, what is 3450b88 + -1?
3450b87
In base 3, what is -1022110 + 21111010?
20011200
In base 8, what is -2115735 + -22?
-2115757
In base 4, what is -223213 - -133331?
-23222
In base 9, what is -760 + 47045?
46175
In base 13, what is -4 + 1497335?
1497331
In base 2, what is 1001111111101011100 - 1?
1001111111101011011
In base 15, what is 17 - 1b2e8?
-1b2d1
In base 12, what is -70 + -59b383?
-59b433
In base 13, what is 241046 + -b?
241038
In base 6, what is 3022451 - 243?
3022204
In base 9, what is -7 + 38627338?
38627331
In base 8, what is 2734 + 10205?
13141
In base 9, what is 34 + 43012?
43046
In base 13, what is -7b262a7 - 3?
-7b262aa
In base 4, what is 200210320 + 31101?
200302021
In base 9, what is -161702 - -13533?
-147158
In base 12, what is 0 + 1577a431?
1577a431
In base 13, what is 157b - -897a?
a228
In base 10, what is -1439556 + 0?
-1439556
In base 8, what is -24647 + 427?
-24220
In base 10, what is 70543 + -8?
70535
In base 7, what is 33111 + 350350?
413461
In base 10, what is -28 + 274607?
274579
In base 12, what is -24 - -9a3a76?
9a3a52
In base 11, what is -221519 - a?
-221528
In base 16, what is 7 - 1f9f2cd?
-1f9f2c6
In base 5, what is -10 - -4134243221?
4134243211
In base 11, what is -6 - a6442659?
-a6442664
In base 11, what is -133a8 + 81?
-13327
In base 14, what is -c0cdd + 87?
-c0c56
In base 6, what is -5 + 1240550330?
1240550321
In base 7, what is -300411504 - -2?
-300411502
In base 11, what is 373a92 + 1?
373a93
In base 13, what is -2 - -2726126?
2726124
In base 12, what is -b0 + 222499?
2223a9
In base 8, what is 413 + 137751?
140364
In base 10, what is 3772 - 3650?
122
In base 12, what is 5 + 96ab0a?
96ab13
In base 6, what is 43504 + 14555?
102503
In base 16, what is 2ad88099 - 1?
2ad88098
In base 10, what is 8725394 - 2?
8725392
In base 5, what is 120 - -134110242?
134110412
In base 12, what is -b316 - -7?
-b30b
In base 9, what is 5376567 - 22?
5376545
In base 8, what is -2001062061 - -2?
-2001062057
In base 3, what is 2 + 200102110120111?
200102110120120
In base 13, what is -209 + 1bb728?
1bb51c
In base 8, what is -5327 - 11170?
-16517
In base 3, what is -11010222220 - 101022?
-11011101012
In base 5, what is 43 - -1033402124?
1033402222
In base 6, what is 401201234 + -101?
401201133
In base 12, what is 348a - -948?
4216
In base 14, what is 1b84050 - 2?
1b8404c
In base 12, what is b2 + -b595a?
-b5868
In base 8, what is -100 - 12756537?
-12756637
In base 6, what is -11150043 + 14?
-11150025
In base 12, what is -11 - 343740a?
-343741b
In base 10, what is -6933753 + -2?
-6933755
In base 3, what is 100010210101201121 + -2?
100010210101201112
In base 16, what is -280e4ff + -5?
-280e504
In base 15, what is 39 + -1a8b4?
-1a87a
In base 6, what is 12150 + 2150?
14340
In base 2, what is 100 - -111011001000010011000?
111011001000010011100
In base 14, what is -1b23c5a - 5?
-1b23c61
In base 8, what is -255 + -304423?
-304700
In base 14, what is -5a79 + -2?
-5a7b
In base 10, what is -30 - -10371?
10341
In base 8, what is 0 + 231361116?
231361116
In base 4, what is -102 + 132001100321?
132001100213
In base 8, what is -24377433 + -7?
-24377442
In base 5, what is 213212441 + -211?
213212230
In base 8, what is 3234311 - 70?
3234221
In base 11, what is -5a13978 - 2?
-5a1397a
In base 16, what is -856 - 2b77?
-33cd
In base 11, what is -4443 - -41374?
37a31
In base 3, what is -10102021222201 - -1112?
-10102021221012
In base 13, what is 684 - b2096?
-b1712
In base 8, what is 15 - -3250160?
3250175
In base 14, what is -c2801350 - 3?
-c2801353
In base 13, what is -a48 + -59bca?
-5a945
In base 6, what is 3022201 + -35?
3022122
In base 7, what is -4 + -412452361?
-412452365
In base 9, what is 60 - 13604?
-13534
In base 11, what is 2 + -291709?
-291707
In base 10, what is -444503 - -385?
-444118
In base 15, what is -3b + -1e19c7?
-1e1a13
In base 12, what is -56b6 - -39024?
3352a
In base 11, what is 32804787 + 10?
32804797
In base 14, what is 1032c - -77c3?
17b11
In base 16, what is -577e6 - -c?
-577da
In base 7, what is 24305 + 25333?
52641
In base 9, what is 4345 - -50583?
55038
In base 5, what is 3130300422 + -1?
3130300421
In base 2, what is -111 + -111001011100000110101?
-111001011100000111100
In base 14, what is 24d79 + 7b?
25016
In base 7, what is 11153313554 - -5?
11153313562
In base 16, what is -1 + 11c7881?
11c7880
In base 12, what is 5a953 - 63?
5a8b0
In base 10, what is 230372 + 16?
230388
In base 16, what is -4 + 77884d?
778